2 (base 9) in base 7?
-2
Convert 11210 (base 3) to base 14.
93
Convert 1 (base 3) to base 13.
1
What is -83 (base 9) in base 12?
-63
What is -4 (base 11) in base 4?
-10
What is -17 (base 16) in base 12?
-1b
What is -8 (base 15) in base 2?
-1000
Convert 0 (base 5) to base 7.
0
What is 6 (base 16) in base 6?
10
Convert -4 (base 9) to base 6.
-4
What is 2 (base 13) in base 16?
2
What is -13 (base 14) in base 8?
-21
What is -1101 (base 2) in base 13?
-10
What is 1 (base 16) in base 2?
1
12 (base 16) to base 2
10010
-1 (base 7) to base 11
-1
What is -4 (base 9) in base 8?
-4
-14 (base 12) to base 13
-13
What is 0 (base 2) in base 11?
0
What is -9 (base 16) in base 4?
-21
101 (base 2) to base 14
5
What is e (base 15) in base 16?
e
-101001 (base 2) to base 12
-35
Convert -1 (base 11) to base 7.
-1
-124 (base 8) to base 12
-70
-2 (base 13) to base 15
-2
Convert 3 (base 6) to base 4.
3
What is -2 (base 6) in base 4?
-2
What is cc (base 16) in base 9?
246
-17 (base 11) to base 13
-15
What is 3 (base 12) in base 9?
3
Convert 54 (base 11) to base 10.
59
4 (base 15) to base 11
4
Convert -3 (base 8) to base 14.
-3
Convert -5 (base 7) to base 12.
-5
Convert 1 (base 16) to base 9.
1
101 (base 5) to base 6
42
What is -10 (base 10) in base 8?
-12
What is -2 (base 4) in base 8?
-2
What is 29 (base 10) in base 3?
1002
What is -121 (base 4) in base 2?
-11001
Convert 18 (base 9) to base 11.
16
What is -5 (base 12) in base 9?
-5
4 (base 12) to base 7
4
What is -236 (base 7) in base 13?
-98
Convert 10201 (base 3) to base 11.
91
14 (base 10) to base 2
1110
-9 (base 16) to base 13
-9
30 (base 6) to base 3
200
1101010 (base 2) to base 13
82
What is 1003 (base 4) in base 15?
47
155 (base 7) to base 15
5e
Convert -21 (base 5) to base 14.
-b
Convert 21 (base 8) to base 15.
12
What is -7a (base 16) in base 14?
-8a
Convert -203 (base 5) to base 2.
-110101
What is 1a (base 16) in base 3?
222
What is -3 (base 9) in base 13?
-3
5a (base 13) to base 5
300
Convert 202 (base 3) to base 12.
18
What is -1023 (base 5) in base 16?
-8a
-10021 (base 4) to base 12
-1a1
What is 25 (base 11) in base 13?
21
-1 (base 12) to base 7
-1
10122 (base 3) to base 8
142
Convert 4 (base 8) to base 4.
10
What is -201 (base 3) in base 7?
-25
Convert -3 (base 16) to base 14.
-3
What is -2 (base 5) in base 10?
-2
What is -140 (base 9) in base 11?
-a7
What is 521 (base 6) in base 8?
301
What is 14 (base 16) in base 8?
24
Convert 11 (base 13) to base 5.
24
Convert -52 (base 16) to base 14.
-5c
What is d (base 14) in base 7?
16
Convert -1 (base 16) to base 10.
-1
Convert -2 (base 4) to base 2.
-10
What is 11 (base 2) in base 8?
3
-100 (base 2) to base 11
-4
Convert 54 (base 14) to base 15.
4e
-3 (base 9) to base 11
-3
Convert 51 (base 8) to base 15.
2b
What is -3 (base 6) in base 5?
-3
Convert 0 (base 12) to base 16.
0
What is -1 (base 11) in base 4?
-1
-4 (base 10) to base 9
-4
Convert -44 (base 9) to base 12.
-34
What is 3 (base 8) in base 10?
3
What is 1 (base 8) in base 2?
1
-2012 (base 3) to base 15
-3e
6 (base 10) to base 5
11
100 (base 5) to base 10
25
What is 37 (base 14) in base 10?
49
-1012 (base 4) to base 3
-2121
1 (base 12) to base 13
1
11 (base 3) to base 5
4
What is -4 (base 9) in base 11?
-4
-109 (base 15) to base 2
-11101010
11 (base 5) to base 12
6
-5 (base 16) to base 15
-5
Convert -18 (base 10) to base 8.
-22
What is -1221 (base 3) in base 5?
-202
Convert 3 (base 5) to base 9.
3
Convert 4 (base 8) to base 11.
4
-2 (base 5) to base 10
-2
Convert -3 (base 7) to base 2.
-11
Convert 7d (base 16) to base 11.
104
52 (base 10) to base 16
34
What is 15 (base 12) in base 15?
12
Convert 1 (base 12) to base 6.
1
Convert 4 (base 13) to base 5.
4
-5 (base 16) to base 3
-12
Convert -6b (base 12) to base 9.
-102
Convert -136 (base 9) to base 6.
-310
Convert 23 (base 11) to base 15.
1a
Convert -21 (base 5) to base 9.
-12
What is 206 (base 7) in base 10?
104
What is -5 (base 10) in base 4?
-11
Convert 33 (base 6) to base 11.
1a
-112 (base 8) to base 15
-4e
Convert 1133 (base 4) to base 11.
87
Convert -8 (base 9) to base 8.
-10
-3 (base 4) to base 7
-3
Convert -1022 (base 5) to base 3.
-12002
Convert 27 (base 9) to base 2.
11001
3 (base 16) to base 7
3
What is 2010 (base 3) in base 15?
3c
What is -2 (base 15) in base 12?
-2
2221 (base 3) to base 14
59
Convert -1c (base 16) to base 10.
-28
What is -6 (base 14) in base 8?
-6
52 (base 8) to base 11
39
What is 304 (base 9) in base 5?
1442
Convert b (base 15) to base 14.
b
What is -a5 (base 13) in base 7?
-252
11 (base 4) to base 10
5
-7 (base 16) to base 12
-7
Convert 33 (base 12) to base 15.
29
31 (base 7) to base 5
42
-31 (base 7) to base 3
-211
Convert 3 (base 5) to base 7.
3
333 (base 5) to base 14
69
What is -1 (base 7) in base 2?
-1
What is -16 (base 14) in base 3?
-202
Convert -11 (base 2) to base 11.
-3
Convert -7 (base 13) to base 14.
-7
What is -5 (base 7) in base 16?
-5
What is -6 (base 16) in base 15?
-6
What is 13 (base 13) in base 6?
24
-25 (base 6) to base 5
-32
What is -16 (base 15) in base 10?
-21
-2011 (base 3) to base 7
-112
Convert 34 (base 7) to base 12.
21
What is -68 (base 11) in base 5?
-244
What is -10 (base 3) in base 14?
-3
-a (base 13) to base 6
-14
What is -12 (base 5) in base 7?
-10
7 (base 10) to base 4
13
2 (base 5) to base 10
2
Convert 3 (base 6) to base 7.
3
1c (base 14) to base 12
22
15 (base 11) to base 14
12
Convert -6 (base 12) to base 15.
-6
What is 15 (base 10) in base 9?
16
-21 (base 5) to base 14
-b
1 (base 9) to base 2
1
Convert 8 (base 9) to base 11.
8
Convert 26 (base 9) to base 4.
120
Convert 2 (base 11) to base 3.
2
Convert -221 (base 5) to base 2.
-111101
-11 (base 2) to base 16
-3
What is 8 (base 13) in base 11?
8
What is 0 (base 3) in base 11?
0
-6 (base 9) to base 7
-6
-4 (base 15) to base 7
-4
What is -3 (base 14) in base 7?
-3
-63 (base 15) to base 12
-79
What is 3 (base 11) in base 8?
3
4 (base 10) to base 8
4
Convert -2 (base 15) to base 12.
-2
Convert 62 (base 7) to base 5.
134
-12 (base 12) to base 13
-11
Convert 18 (base 9) to base 12.
15
2 (base 12) to base 14
2
What is -10000010 (base 2) in base 10?
-130
What is -22 (base 10) in base 4?
-112
182 (base 10) to base 11
156
Convert -7 (base 11) to base 6.
-11
0 (base 13) to base 8
0
Convert -2 (base 7) to base 9.
-2
What is 4 (base 8) in base 9?
4
4 (base 15) to base 11
4
Convert 7 (base 10) to base 8.
7
Convert 130 (base 5) to base 4.
220
Convert -20 (base 6) to base 5.
-22
Convert -3 (base 10) to base 11.
-3
Convert 1 (base 15) to base 2.
1
-ab (base 12) to base 8
-203
What is 4 (base 10) in base 14?
4
What is 3 (base 7) in base 15?
3
Convert 324 (base 9) to base 14.
14d
-155 (base 6) to base 8
-107
-33 (base 7) to base 3
-220
What is -4 (base 11) in base 10?
-4
Convert -5 (base 16) to base 7.
-5
Convert 111 (base 2) to base 7.
10
What is 42 (base 12) in base 3?
1212
-21 (base 7) to base 14
-11
What is 442 (base 6) in base 3?
20022
What is 276 (base 11) in base 9?
401
Convert 16 (base 10) to base 11.
15
What is 10332 (base 4) in base 14?
18a
Convert 9 (base 12) to base 8.
11
Convert 68 (base 10) to base 7.
125
Convert 20 (base 12) to base 4.
120
What is -2 (base 9) in base 13?
-2
-1 (base 12) to base 14
-1
Convert 2 (base 5) to base 12.
2
Convert -22a (base 12) to base 4.
-11002
Convert -1 (base 16) to base 7.
-1
2 (base 8) to base 15
2
-15 (base 13) to base 5
-33
Convert -2 (base 5) to base 14.
-2
0 (base 8) to base 7
0
-1 (base 11) to base 6
-1
What is 37 (base 14) in base 9?
54
b (base 14) to base 15
b
What is -2241 (base 5) in base 10?
-321
161 (base 10) to base 5
1121
Convert 10011 (base 2) to base 12.
17
-1 (base 16) to base 2
-1
111 (base 4) to base 15
16
What is 163 (base 7) in base 5?
334
Convert 1000 (base 4) to base 13.
4c
Convert -23 (base 16) to base 10.
-35
What is 1 (base 3) in base 5?
1
Convert 2 (base 16) to base 9.
2
What is 23 (base 5) in base 9?
14
What is -11 (base 12) in base 13?
-10
What is 51 (base 13) in base 9?
73
What is -1 (base 14) in base 5?
-1
0 (base 3) to base 13
0
-11 (base 2) to base 8
-3
27 (base 14) to base 5
120
What is 0 (base 2) in base 9?
0
What is 6 (base 9) in base 10?
6
Convert 6d (base 14) to base 11.
89
What is 1 (base 9) in base 2?
1
Convert -1 (base 16) to base 10.
-1
-51 (base 15) to base 11
-6a
Con